 -5*v - 60 - 16. Suppose 0 = -4*n - f*n + 161. Let h(o) = -o - 2. Calculate the remainder when n is divided by h(-4).
1
Suppose -383 = -18*w - 113. What is the remainder when 43 is divided by w?
13
Suppose 190 = -101*y + 102*y. Suppose -6*g + 2*g + 5*i + 148 = 0, 5*g - y = 5*i. What is the remainder when 80 is divided by g?
38
Let b = -346 - -356. Let u = -5 + 11. What is the remainder when b is divided by u?
4
Let l = 77 - 52. Suppose -9 = -2*p + p. Calculate the remainder when l is divided by p.
7
Let d(s) = 0 - s**2 - 1 - 21*s + 12*s - 3*s. What is the remainder when 45 is divided by d(-11)?
5
Let v(j) = j - 4. Let l be v(3). Let u = 5 + l. Let i(f) = -f**3 - 6*f**2 - 3*f - 9. What is the remainder when i(-6) is divided by u?
1
Let a be 1/5 - 41/5. Calculate the remainder when 13 is divided by (-47)/(-9) + a/36.
3
Let p be (7/(56/204))/((-2)/(-4)). Let j = 63 - p. What is the remainder when 34 is divided by j?
10
Let t(u) = u**2 - 25*u + 113. What is the remainder when 258 is divided by t(5)?
11
Let s = 118 + -84. Let x(u) = 9 - 33*u**3 + 3*u**2 + u - 11*u**2 + s*u**3. What is the remainder when x(8) is divided by 10?
7
What is the remainder when 35 is divided by (-20)/150 + 47/15?
2
Let c = 81 - 70. Let h(y) = y**3 - 11*y**2 + 10*y - 27. What is the remainder when h(c) is divided by 7?
6
Let p(s) = 24*s - 5. Suppose 22 - 13 = j + 2*d, -4*j + 8 = d. Calculate the remainder when p(j) is divided by 6.
1
Let r(t) = t**2 + t. Let b be r(4). What is the remainder when 7 is divided by (-6)/(-10) + 48/b?
1
Let c(b) = -7*b + 7*b - 3*b - 3. Let q(m) = -40*m - 1. What is the remainder when q(-1) is divided by c(-8)?
18
Suppose -5*j + 4 = 4*w - 5, -3*j - 5*w - 5 = 0. Suppose 47 = r - i - 3*i, j*i = -5*r + 110. Calculate the remainder when 104 is divided by r.
23
Let b(l) = l**3 + 12*l**2 + 2*l + 30. Let t be b(-12). Suppose -11 = m - 4*m + z, -5*z - 10 = 0. Calculate the remainder when (2 - 26)*t/(-18) is divided by m.
2
Let b be (-8)/12 + 5/((-45)/(-6)). Suppose b = -3*n + 8 + 7. What is the remainder when n is divided by 4?
1
What is the remainder when 158 is divided by (-5 - 1)/((-12)/20)?
8
What is the remainder when (-3 + 2 + 2)*(169 - 2) is divided by 21?
20
Suppose -m + 82 = -154. Calculate the remainder when m is divided by 96.
44
Suppose 6*b = b - 4*g + 375, -233 = -3*b - 4*g. Calculate the remainder when 332 is divided by b.
48
Suppose x - 18 = 9. Let z = -6 - -88. Suppose x = -5*w + z. Calculate the remainder when w is divided by 3.
2
Let o(m) = 8*m + 4. Let z be o(2). Let t be 5*(-4 + 92/z). Suppose -5*h + n = -13 - 15, 0 = -2*h - t*n + 18. Calculate the remainder when 26 is divided by h.
2
Let f be (-7)/(140/1368) - (-6)/(-10). What is the remainder when 67 is divided by 1 + f/(-4) - 9/36?
13
Suppose 38*c = -3*c + 5740. Calculate the remainder when c is divided by 72.
68
Let j be (-1 + (-183)/(-9))*-3. Let b = j - -90. Calculate the remainder when 157 is divided by b.
29
What is the remainder when ((-48)/60)/(2/(-1155)) is divided by 17?
3
Suppose -13*a + 9*a + 212 = 2*d, 4*a + 188 = 2*d. What is the remainder when d is divided by 21?
16
Let x = -6 - -15. Suppose -4*a - 2*d + 182 = 0, 4*a - 4*d + x*d - 173 = 0. Let w = a + -7. What is the remainder when w is divided by 14?
12
Suppose -b + 34 = 4. Let v = 2669 + -2610. What is the remainder when v is divided by b?
29
Suppose -6*w = -2*d - 2*w + 12, 2*d = -w + 22. Let l(h) = h**2 - 10*h + 9. Let v = 11 + -5. What is the remainder when l(d) is divided by v?
3
Suppose -5*k + 2 = -8. Suppose 5*h = 2*q - 33, -3*q - 3 = 4*h + 5. Suppose -2*a = k*v, -4*v - 12 = -6*v + q*a. Calculate the remainder when 3 is divided by v.
1
Suppose -4505 = -27*o + 23845. What is the remainder when o is divided by 34?
30
Suppose 4*h - 3*s - 23 = 3, -2*s = -4*h + 24. Suppose -292 = -h*d + 258. Calculate the remainder when d is divided by 19.
15
Suppose -12 = -4*m - 4, -5*m = 2*p - 196. Let k = 67 - 63. Suppose -k*z = -9*z + 120. What is the remainder when p is divided by z?
21
Suppose 5*u - 325 = 5*d, -u - 2*d - 17 = -73. Let y = 13 + u. What is the remainder when y is divided by 20?
15
Let q(j) = 2*j - 5 - j + 1. Let r be q(8). Suppose -y + 7 + 10 = r*z, -3*y + 31 = 2*z. Calculate the remainder when 26 is divided by y.
8
Suppose -3*u + 51 = -99. What is the remainder when u is divided by (-7560)/(-345) + 26/299?
6
Let m(l) = 9*l - 64. Suppose 0*x - 42 = -2*x. Calculate the remainder when m(x) is divided by 42.
41
Let k(j) = j**2 - 12*j + 47. What is the remainder when 50 is divided by k(10)?
23
Let t = 7 + -1. Let x(v) = -v**2 - 16*v + 13. Let u be x(-9). Suppose -u = -4*h + 4*r, -h + 4 = 4*r - 35. What is the remainder when h is divided by t?
5
Suppose 0 = -3*r - 3*r + 36. Let d = -3 + 12. Suppose 0 = -3*h + 3*x - 6*x + 9, 2*h + 5*x = d. Calculate the remainder when r is divided by h.
0
Suppose 1 = -2*q + b, -26 = q + q + 4*b. What is the remainder when 69 is divided by (15 - -2) + q + (-2 - -6)?
15
Let a(n) = n + 37. Let b = 116 + -112. What is the remainder when a(b) is divided by 21?
20
Let r be 6/10 + (-2)/(-5). Let q = r - -22. Suppose -u - g = -44, 1 = -g + 2*g. What is the remainder when u is divided by q?
20
Let c = -632 - -638. Calculate the remainder when 65 is divided by c.
5
Let o be (2 - 5)*-2*15/(-10). What is the remainder when (-2)/(-7) + (-152)/(-7) is divided by 60/o*(24/10)/(-2)?
6
Let w(f) = 14*f**2 - 55*f + 107. Calculate the remainder when 56 is divided by w(2).
3
Let w be -1 - -1*2/2. Suppose 0 = 4*j - w*j - 56. Let q(b) = 3*b**2 + 2*b - 2. What is the remainder when q(4) is divided by j?
12
Let u = -10 - -12. What is the remainder when 27/u*(10 + -4) is divided by 28?
25
Suppose -2*k = -5*n + 72 + 13, 0 = 2*k. Calculate the remainder when (-10)/(-15) - (-148)/3 is divided by n.
16
Suppose 0 = 3*n - 48 - 24. Suppose x - 93 = -3*p, 3*x = -2*p + 79 - n. Suppose -3*h + 28 = h. What is the remainder when p is divided by h?
4
Let u(i) = i**3 - 17*i**2 - 18*i + 2. Suppose 72 = -y + 5*y. Calculate the remainder when 27 is divided by u(y).
1
Suppose -8*m - 134 + 430 = 0. What is the remainder when 184 is divided by m?
36
Let o(j) = 20*j**2 + 2*j - 1. Let n(t) = 6*t + 3. Let z(c) = c**3 - 11*c**2 + c - 5. Let w be z(11). Calculate the remainder when n(w) is divided by o(1).
18
Suppose 5*q + 48 = -v - 151, 527 = -3*v - q. What is the remainder when 2 + (-8)/(-10) + 1305/25 is divided by ((-4)/6)/(4/v)?
26
Let y = -51 - -53. Suppose 25 = -y*k + 79. Calculate the remainder when k is divided by 5.
2
Let n(a) = 30*a**2 - 16*a + 1. Calculate the remainder when 95 is divided by n(1).
5
Let l = -251 + 305. Calculate the remainder when 186 is divided by l.
24
Let s = 31 + -1. Suppose 0 = h + 4*h - s. Calculate the remainder when ((-4)/12)/1*-33 is divided by h.
5
Suppose -98 = -2*t - c - 3*c, -2*t - 2*c = -108. Calculate the remainder when t is divided by 25.
9
Suppose -28*b + 101 = a - 23*b, -5*a + 3*b + 393 = 0. What is the remainder when 238 is divided by a?
76
Suppose 0 = 4*u + 5*u - 189. Calculate the remainder when u is divided by (-152)/(-20) - 4/(-10).
5
Let l be (21/6)/7*-36. Suppose -192 = 5*m - 502. Let s = l + m. Calculate the remainder when s is divided by 15.
14
Let o be 1/8 + (-11488)/(-256). Suppose 22*r - 17*r - o = 0. Calculate the remainder when (3 - 2)*(0 - -43) is divided by r.
7
Let r = 15 + -21. Let s(d) = -d**2 - 3*d - 17. Let t be s(r). Let l = t - -44. Calculate the remainder when 34 is divided by l.
7
Suppose -4*d - 11*d = -900. What is the remainder when d is divided by 13?
8
Let k = 82 + -48. Let n(j) = j**2 + 3*j + 2. Let q be n(-2). Suppose q*r + r = 18. Calculate the remainder when k is divided by r.
16
Let b(l) = l**2 - 11*l + 50. Calculate the remainder when b(14) is divided by 9.
2
Let b = -55 + 127. Calculate the remainder when b is divided by 25.
22
What is the remainder when ((-1819)/51)/((-5)/(41 + 4)) is divided by 109?
103
Suppose 4*m = -q, 13 = -5*q + 5*m + 38. Suppose -q*j + 3*j + 2 = 0. Suppose 1 - 7 = j*v, -4*v = 3*o. What is the remainder when 6 is divided by o?
2
Suppose -3*m = -5*p - 16 - 25, -3*m - p = -35. What is the remainder when 129 is divided by m?
9
Suppose -620 = -5*h - 4*w, 3*w + 255 = 2*h + 6*w. What is the remainder when h is divided by 31?
27
Su